90. Calculate t(248).
-26
Let k(l) = l**3 - 8*l**2 - 60*l + 110. What is k(12)?
-34
Let x(b) = -64*b - 7024. What is x(-114)?
272
Let b(k) = k**3 - 129*k**2 + 372*k + 771. Give b(126).
15
Let w(y) = 42342*y + 381079. Calculate w(-9).
1
Let h(p) = 49*p**3 - 12*p**2 - 71*p - 8. Determine h(-5).
-6078
Let o(u) = u**3 + 967*u**2 + 162*u + 156659. What is o(-967)?
5
Let z(q) = -536*q - 478. Give z(0).
-478
Let u(k) = 3670*k + 1431280. What is u(-390)?
-20
Let r(d) = -69*d**3 - 1028*d**2 + 114*d - 8. What is r(-15)?
-143
Let y(m) = -m**3 + 6*m**2 + 6*m - 22. Give y(-8).
826
Let f(o) = -o**3 + 57*o**2 + 185*o - 993. What is f(60)?
-693
Let s(x) = 317*x**2 - 64054*x + 4011. Determine s(202).
-29
Let i(k) = -19*k**2 + 112*k + 14679. Give i(-25).
4
Let g(u) = 4*u**3 - u**2 - 26*u + 51. Give g(-5).
-344
Let q(g) = 2*g**3 + 486*g**2 + 29461*g - 393. Give q(-127).
-12
Let v(u) = u**2 + 1454*u + 518549. Calculate v(-827).
20
Let g(p) = p**3 + 320*p**2 + 1465*p + 365561. Determine g(-319).
-13
Let p(o) = o**3 + 279*o**2 - 955*o + 323. What is p(3)?
-4
Let t(k) = 2*k**2 - 60*k + 594. What is t(36)?
1026
Let m(f) = 141*f**2 - 9*f + 7. Determine m(-1).
157
Let s(c) = -981*c - 28540. What is s(-29)?
-91
Let g(f) = -186*f**2 + 19*f - 64. Determine g(2).
-770
Let a(d) = -5*d**3 + 151*d**2 - 901*d - 92. What is a(22)?
-70
Let z(g) = -407*g + 43568. Calculate z(107).
19
Let w(g) = 2309*g + 64637. What is w(-28)?
-15
Let c(w) = -26620*w - 3726797. Give c(-140).
3
Let d(g) = -1014*g - 20268. Calculate d(-20).
12
Let i(o) = -2*o**3 + 687*o**2 + 330*o + 4844. What is i(344)?
28
Let z(g) = -6950*g - 101. Determine z(0).
-101
Let d(l) = 7*l**2 - 137*l - 523. Calculate d(-5).
337
Let n(v) = v**2 - 1002*v + 94191. Calculate n(897).
6
Let t(k) = -3*k**2 - 213*k + 6742. Give t(25).
-458
Let j(a) = 22805*a - 7366030. Determine j(323).
-15
Let v(a) = 660926*a + 2643713. Calculate v(-4).
9
Let z(c) = 2*c**2 - 44*c - 476. Determine z(30).
4
Let f(d) = -138*d + 46813. Calculate f(338).
169
Let g(n) = 882*n - 403073. Calculate g(457).
1
Let r(w) = -12*w**3 + 68*w**2 - 219*w + 546. Determine r(5).
-349
Let s(u) = 204011*u + 1428072. Give s(-7).
-5
Let u(p) = -87*p**2 + 28706*p + 679. Calculate u(330).
-641
Let v(t) = 1130*t + 7805. What is v(-7)?
-105
Let l(j) = -29*j**2 - 590*j - 616. Give l(-19).
125
Let n(c) = 6*c**3 - 139*c**2 + 162*c - 169. Determine n(22).
7
Let m(c) = 42631*c + 4902567. What is m(-115)?
2
Let h(m) = 532*m**2 - 3236*m. What is h(6)?
-264
Let f(w) = 180*w**2 - 31326*w + 442. What is f(174)?
-602
Let o(w) = 8720*w - 174528. Determine o(20).
-128
Let m(o) = o**3 + 24*o**2 - 153*o + 163. Give m(4).
-1
Let l(f) = -3*f**2 + 52*f - 448. Determine l(6).
-244
Let h(r) = -373*r**2 + 1375*r - 5501. Give h(4).
-5969
Let o(f) = -6*f**2 + 72*f - 167. Determine o(3).
-5
Let b(r) = 15459*r + 170080. Determine b(-11).
31
Let c(i) = 358*i - 3317. Determine c(5).
-1527
Let x(b) = b**3 - 214*b**2 + 1681*b - 6792. Determine x(206).
6
Let t(n) = 195*n + 5916. What is t(-23)?
1431
Let d(i) = 2*i**3 + 20*i**2 - 36*i - 643. Calculate d(-8).
-99
Let q(z) = 4*z**3 + 120*z**2 + 120*z + 3447. Give q(-30).
-153
Let a(j) = -28525*j - 427525. Give a(-15).
350
Let v(y) = y**2 - 37*y - 2786. Calculate v(75).
64
Let j(y) = -y**3 - 64*y**2 + 133*y + 8442. Give j(-64).
-70
Let m(b) = b**2 - 267*b + 16156. What is m(93)?
-26
Let u(l) = -2*l**2 - 3803*l - 360361. Determine u(-100).
-61
Let o(s) = -s**3 + 27*s**2 - 1283*s - 5570. Determine o(-4).
58
Let c(k) = -2*k**3 + 6*k**2 - 2117*k - 6377. Determine c(-3).
82
Let p(j) = 28*j + 1388. Determine p(-44).
156
Let h(t) = -43094*t - 4. Determine h(0).
-4
Let x(w) = 56*w**2 - 1352*w - 57. Determine x(24).
-249
Let p(u) = -9*u**2 + 59*u - 45. Determine p(10).
-355
Let j(s) = -504*s + 9014. Calculate j(19).
-562
Let w(f) = -f**2 + 3272*f + 62509. Calculate w(-19).
-20
Let l(t) = t**2 - 6106*t + 374066. What is l(62)?
-662
Let j(n) = -18*n**2 + 145*n + 2144. Determine j(-13).
-2783
Let r(j) = -j**3 + 12*j**2 - 7552*j + 45101. Give r(6).
5
Let p(y) = -18153*y - 181537. Give p(-10).
-7
Let u(l) = 21975*l + 131974. Determine u(-6).
124
Let i(z) = -30*z - 1564. Give i(-72).
596
Let q(z) = -1374*z - 28547. Give q(-23).
3055
Let v(c) = -87*c + 9145. Give v(106).
-77
Let s(n) = 3*n**3 + 125*n**2 - 4091*n - 171098. What is s(-41)?
-5
Let y(s) = s**3 + 668*s**2 - 29079*s - 7091. Determine y(-709).
-1
Let c(g) = -3*g**3 - 30*g**2 + 264*g + 589. Determine c(-15).
4
Let j(r) = -25*r**2 - 9760*r - 29268. Give j(-3).
-213
Let s(u) = u**3 + 24*u**2 + 13*u - 543. Calculate s(-24).
-855
Let k(n) = 14*n**2 + 1630*n - 796. What is k(-117)?
140
Let l(u) = -64*u**3 + 69*u**2 - 339*u - 409. Give l(-1).
63
Let g(a) = a**3 + 5*a**2 - 1168*a + 140. Determine g(-37).
-452
Let o(z) = -729*z + 105689. Determine o(145).
-16
Let i(q) = -2*q**2 + 147*q - 3318. Determine i(34).
-632
Let n(w) = 1037*w**2 + 13446*w - 14. Calculate n(-13).
441
Let i(z) = 2*z**2 - 1351*z + 151501. Calculate i(142).
-13
Let v(b) = b**3 - 5*b**2 - 110*b + 37. Give v(18).
2269
Let a(m) = 12648*m - 12497. Calculate a(1).
151
Let x(b) = -b**3 + 19*b**2 + 255*b + 55. Give x(28).
139
Let q(a) = 13*a**2 + 852*a - 392. What is q(-66)?
4
Let t(y) = 1897*y + 15438. Give t(-8).
262
Let k(t) = -19*t**2 - 20092*t - 119927. Determine k(-6).
-59
Let q(v) = -46*v**2 + 292*v - 67. Give q(10).
-1747
Let b(h) = h**2 - 1074*h + 285111. What is b(594)?
-9
Let a(q) = -7*q**2 - 1502*q + 464. Determine a(-215).
-181
Let v(l) = -l**3 + 608*l**2 - 2901*l - 576. Determine v(5).
-6
Let y(h) = -15*h**3 + 200*h**2 + 2162*h + 175. Give y(-7).
-14
Let l(u) = 12337*u + 12347. Calculate l(-1).
10
Let t(k) = -2*k**2 - 15165*k - 1081507. Determine t(-72).
5
Let d(l) = -25*l + 1871. Calculate d(112).
-929
Let g(x) = -67*x + 2402. Calculate g(35).
57
Let r(n) = -n**3 - 18*n**2 + 193*n + 12. Determine r(11).
-1374
Let t(a) = 293998*a + 5291970. Calculate t(-18).
6
Let m(w) = -921*w**3 + 2*w**2 - 14*w + 12. Calculate m(1).
-921
Let g(y) = 2*y**3 - 406*y**2 - 6527*y - 2834. What is g(218)?
0
Let y(p) = -63191*p - 43222639. What is y(-684)?
5
Let z(m) = 131*m**2 + 195*m - 1504. Calculate z(6).
4382
Let s(l) = 75*l**2 + 76569*l - 6130. Give s(-1021).
-4
Let u(b) = 712*b + 23481. Give u(-33).
-15
Let d(l) = l**3 + 395*l**2 + 1433*l + 100734. Give d(-392).
-10
Let u(a) = 9781*a + 997668. Determine u(-102).
6
Let k(p) = 1628*p + 109294. Determine k(-67).
218
Let u(f) = -28*f**2 + 371*f - 45. Calculate u(13).
46
Let q(d) = 1325*d - 275602. Give q(208).
-2
Let l(o) = o**3 - 1937*o - 11. Calculate l(-44).
33
Let v(s) = -44*s**2 + 2241*s + 306. Give v(49).
4471
Let g(p) = -3120*p - 18744. Determine g(-6).
-24
Let z(m) = 16*m**2 + 7336*m + 3661. Determine z(-458).
-3
Let a(t) = -269*t**3 + t**2 - 426*t + 425. Calculate a(1).
-269
Let u(v) = 2*v**3 - 29*v**2 + 727*v - 11207. What is u(15)?
-77
Let y(n) = -49*n**2 - 11209*n - 266918. Give y(-27).
4
Let s(x) = 3*x**2 - 3473*x - 1496472. Give s(1492).
4
Let c(d) = -708*d - 19915. Calculate c(-28).
-91
Let y(s) = 23626*s + 425139. Determine y(-18).
-129
Let x(g) = 10*g**2 + 15541*g - 62322. What is x(4)?
2
Let c(m) = m**2 - 1881*m - 116537. Determine c(-60).
-77
Let a(o) = 40980*o - 1516260. Calculate a(37).
0
Let j(v) = 13480*v + 148090. Calculate j(-11).
-190
Let y(k) = -4214*k + 79986. What is y(19)?
-80
Let n(g) = -g**3 - 584*g**2 - 15469*g + 2774. Determine n(-28).
2
Let v(g) = -g**2 - 425*g - 44774. Determine v(-232).
2
Let j(d) = 8*d**2 - 995*d + 1326. Calculate j(123).
-27
Let l(f) = -39*f**2 - 277*f - 2314. Determine l(-11).
-3986
Let v(o) = o**3 - 171*o**2 - 1061*o + 395. What is v(177)?
572
Let t(q) = 2*q**2 - 84*q - 597. Give t(31).
-1279
Let r(j) = 9*j**3 - 2*j**2 - 81*j - 385. Determine r(-6).
-1915
Let d(q) = -31750*q**2 + 2317743*q + 517. What is d(73)?
6
Let v(s) = -2*s**2 - 38585*s + 4112500. Calculate v(106).
18
Let q(h) = h**3 - 41*h**2 - 41*h - 8695. Give q(46).
-1
Let k(x) = 788*x**2 + 2365*x - 5. Determine k(-3).
-8
Let o(f) = -2*f**3 + 437*f**2 - 211*f - 1517. Determine o(218).
9
Let f(d) = 2*d**3 - 8*d**2 - 491*d + 3150. Calculate f(7).
7
Let y(c) = c**3 + 1230*c**2 - 30096*c + 2. Calculate y(-1254).
2
Let d(h) = 328*h + 7254. What is d(-23)?
-290
Let u(t) = t**3 - 29*t**2 - 343*t - 1